20 + -13 + (-32 - -29) - -23?
27
4 + 2 + (-11 - -18) - 11 - 5
-3
-35 + (-25 - (-111 + 12))
39
What is the value of 4 + 2 + -3 + (34 - 83) + 43?
-3
-21 - ((-62 - -78) + -1 + 8)
-44
What is the value of 0 + -103 + 49 - -12?
-42
Calculate 1 + -4 + -65 + 56 + (-1 - -41).
28
Calculate 81 - ((-10 - -1) + (6 - (-4 - -12 - 3))).
89
Evaluate -1 + -3 + -2 + 0 + -31 + 90.
53
What is -28 - (17 - 46) - (13 - 5)?
-7
Calculate (-5 - -1) + (12 - 17) - (12 - 33).
12
What is -2 - (-11 - (20 - 49)) - 33?
-53
(4 + 48 - 27) + -117 + -2
-94
(73 - (44 - 21)) + 4 + 4
58
What is -6 + (-9 - (0 - 7)) + -31 - 2?
-41
Evaluate (3 - (-3 + 2) - (75 + -100 + 19)) + -29.
-19
What is the value of 6 - (-4 + 2 - (26 - 15 - -43))?
62
Evaluate ((95 - 92) + 4 + 1 - (-15 - 45)) + 7.
75
2581 + -2519 + 1 + -165
-102
What is 8 + 2 - (-1 - -5 - (-2 + (11 - 9)))?
6
Evaluate 40 + (-2 - (-31 - (10 + 5 - 30))).
54
Calculate (-32 - -15) + -5 + 0 + -218 + 232.
-8
What is 6 - 26 - -51 - (6 - (5 + -5))?
25
What is the value of (-173 - -182) + 3 + -4 + 1 - -33?
42
Evaluate 0 - -1 - -28 - (-215 + 131 - -75).
38
What is (27 + 0 - (-16 + 15 + 4 - -6)) + 7?
25
Evaluate 18 - (40 - -22) - -13.
-31
Evaluate -36 - -40 - -81 - (7 + 14).
64
What is 38 + -98 - -47 - -70?
57
-1230 + 1282 + 1 + -42
11
What is the value of -34 + -33 - (-11 - -2)?
-58
What is 47 - (0 + -2) - (-91 - (32 - 109))?
63
-102 + (2 - -28 - (18 - 1)) + 19
-70
What is 6 - ((-6 + 10 + -10 - -8) + -3 + 7)?
0
Evaluate -389 + 370 + 2 + 40.
23
-70 + 165 + -86 + (-1 - 31) + -1 + 2
-22
(-6 - 6) + -47 + 32 + 22
-5
(35 - 16 - (77 - 39)) + (2 - -114)
97
What is the value of -3 + (2 - 8) - (-785 + 762)?
14
Evaluate 0 + 1 + 1 - (-58 - 5) - (-60627 + 60634).
58
Evaluate 19 + -20 - (0 + 10 + -49).
38
28 + -123 + 52 - 32
-75
What is (13 + -12 - 24 - 13) + 3 + -14 + 2?
-45
5 - (-80 + 0) - (-16 - -47 - 33)
87
What is -11 - (23 + (-18 - -23) - ((8 - 3) + 6))?
-28
What is the value of (7034 - 6969) + (-145 - -1)?
-79
-85 - (-12 + 66 + -28 + (-16 - (-4 - 0)))
-99
What is the value of (-22 + 26 - (4 - (-4 + 7 - -6))) + 26?
35
Calculate 3 - (-2 + -8 + (-1 - -4 - -5) + -10).
15
-4 + 12 + 0 + -4 + 10 + -11 - 13
-10
What is the value of -9 + 20 + -7 + 13 - 12?
5
(25 - 23 - -5 - -6) + -4 + 122
131
(-370 - -377) + (-3 - -2) + 10
16
Evaluate -13 + (1 - 0) + 1 - (6053 - 6143).
79
What is the value of (50 - -106) + -126 + 0 + -37?
-7
What is the value of (-290 - -326) + -1 + (22 - 3)?
54
-4 - 43 - (20 + -47)
-20
Calculate 21 + 20 - 4 - (278 + -294).
53
Evaluate 6 - (-15 - (-4 + 4 + -4 + -6 + 1)).
12
What is -75 + (-52 - (-62 - 139))?
74
Evaluate (11 - 35) + 17 + (-70 - (1 - 7)).
-71
Calculate 202 + 129 + -193 - 76.
62
-7 + (-17 + 4 + -2 - (10 + -28 - -29))
-33
Calculate 3 + -16 + (14 - (-6 - -8)) + 5.
4
29 + (-79 + 74 - (-2 + -7))
33
What is 4 - (-52 + 92 + -50 - (-25 - -2))?
-9
What is 1 + (42 - 0) - (11 - (38 + -21 - 1))?
48
Evaluate -50 - (7 + -16 - (-10 - (11 - 8))).
-54
What is the value of 19 + -9 + 19 + -4 + 3 + (-21 - -5)?
12
What is the value of (-10 - 7) + 33 - 15 - 13?
-12
Calculate 11 + -21 + 46 + -16 + -3 + -9.
8
Calculate 7 - (32 + (11 - 1)).
-35
(1 + (-104 - -2) - ((84 - -14) + -104)) + -2
-97
Evaluate -99 - (-47 + -8) - -54.
10
What is -5307 + 5306 + (-1 + -27 - 0)?
-29
What is the value of (-10 - 2 - (-3 + -12)) + (-4 - 0)?
-1
What is (-23 + 29 - -16) + 4?
26
What is (12 - (-20 + (-1 - -25 - 8))) + 31?
47
What is the value of (20 - 70 - -86) + -53?
-17
Calculate -1 + 1 + 6 - (-1252 + 1263) - (7 - 3).
-9
Calculate -5 - (121 + (1 - 18 - (466 + -475))).
-118
15 - (41 + (-13 - (121 - 3)))
105
What is the value of -9 + 7 + -7 + (3 + 4 - -13) + 88?
99
What is (-26 - -5) + 10 + 18 - (-6 + 1)?
12
What is (60 - -24) + 80 + -108?
56
Evaluate (-1 - -7) + 6 - (27 - (-18 + -3)).
-36
Calculate (-10 - (8 - -6 - 30) - 4) + -1.
1
Evaluate 25 - 32 - -79 - 23 - (14 - 2) - 0.
37
Evaluate (432 - 470 - (-34 - 1)) + (1 + 1 - -51).
50
Calculate (-1 - 68) + (960 - 941).
-50
Calculate -61 + 18 + (76 - 72).
-39
What is the value of -57 - (13 - 41) - -19?
-10
-225 + 199 + (8 - 12) + 31
1
What is 32 + -17 + -18 + -6?
-9
What is -50 + (-56 + 101 - (16 + -2)) + -14?
-33
What is the value of 54 - 642 - -567 - ((-4 - (-1 - 1)) + 9)?
-28
What is 13 + (59 - 99 - -96)?
69
95 + 19 + (-48 - (28 - 69))
107
Calculate -8 + (12 - 19) + 1 - -13 - 9.
-10
-9193 - -9148 - (1 - 56)
10
What is the value of (1 + -10 - -6) + 4 - ((122 - 8) + -5)?
-108
Calculate -10 + (3 - (0 - -2)) + -65 + (54 - 11).
-31
What is -13 + 26 + -12 + -11 + 22?
12
What is 217 + -271 + (11 - -114) - (-3 - -1)?
73
What is the value of (133 - -17) + (-162 - -64)?
52
Calculate (8 - 128 - (2 - 6 - 11)) + -20.
-125
What is 9 + (-22 + -42 - -111)?
56
What is -15 + (7 - (13 + -15)) + -24 - 9?
-39
Calculate -29 - (12 + 1 + (-116 - -122) - 7 - 6).
-35
2 - -5 - 7 - (-49 - (-60 - 11))
-22
What is the value of -4 + -162 + 149 + (-1 + 2 - -13)?
-3
Evaluate (6 - (-9 - -56)) + -4 - (10 + -1 + -7).
-47
What is the value of 7 + (-82 - (25 + -21))?
-79
Evaluate -28 + (20 - (8 - 12)) - (-17 - -4).
9
Calculate 10 + -7 + -11 + 9 + -52 + 7 + 9.
-35
85 + 17 + (-8 + 8 - -2)
104
Evaluate -7 + 47 + -110 + 59.
-11
(38 - 20) + -15 + (40 - 6)
37
-41 - (16 - 142 - -50)
35
What is -16 - 33 - (1 + (1 + 7 - (2 + 2)))?
-54
What is 120 + -13 + (-19 + 17 - -19 - 23)?
101
Evaluate (-10 - 44) + 91 + 5.
42
Calculate -46 + 35 + -27 + -6 + 180.
136
What is -1 + 34 + (-14 - 23) + (3 - 41)?
-42
What is -18 + (28 + (-57 - -39) + -33 - (-14 + -1))?
-26
Evaluate -17 + -2 - (-2736 + 2617).
100
What is -24 + 40 + -1 - 1 - (-2 + (111 - 3))?
-92
Evaluate (-1 - 6) + (1 - (15 + 1)).
-22
What is the value of 80 - (8 + 11 - -23)?
38
-91 + -12 + 13 + 63
-27
What is the value of 79 + 187 - 255 - (1 - (0 + -88))?
-78
What is the value of 84 + -6 + -26 - (2 - 1 - 2 - -11)?
42
-499 + 494 + 5 + (4 - (0 - -8))
-4
What is the value of 25 + (-10 - 42) - 11?
-38
What is the value of 39 + -50 - (16 - 20)?
-7
Calculate 115 + (-15 - 44 - -24).
80
0 - ((6 - -3) + 0 + 10) - 27
-46
What is -44 - (-30 + -6 + 17)?
-25
What is 4 + (11 + -9 + -30 - -18 - -45)?
39
Calculate (63 + -86 - (-9 + -2)) + (-37 - (4 + 1)).
-54
What is the value of -32 + 32 + -21 + 52 - -26?
57
-53 + (21 + -16 - -47)
-1
Calculate -41 + (24 - -180) + -32 + -10.
121
What is the value of 126 + (15 - (148 - 65))?
58
Evaluate -16 - -14 - (8 - -51) - (-6 + (-2 - -2)).
-55
-1 + -1 + 43 - (102 - 59 - 53)
51
What is 7 - 2 - (13 + -29 + 24 + -2) - 128?
-129
What is (-3 + 11 - ((1 - -13) + -13)) + -2 + -11?
-6
Evaluate (-1 + -25 - -16) + 22 + 3.
15
Calculate 103 + (-69 - -46) + -38.
42
Evaluate (39 - (-61 + 109)) + (0 - -33).
24
Calculate (5 + 1 - (-93 + 6 + -3)) + 100 + -99.
97
(-10 - -3) + (2 + -32 - (6 + 0))
-43
Evaluate 32 - 18 - 36 - 16.
-38
Evaluate (-181 - -196) + (3 - -16).
34
Calculate 18 + (33 - 10) - (4 - -3 - (-1 + 3)).
36
Calculate (-9 - 0) + 1 + 198 + -192 + (-1 - 11).
-14
Calculate (-105 - (-73 - 60)) + 58.
86
Evaluate (-15 + (13 - -18) + -26 - (-7 + 1)) + -73.
-77
Evaluate -23 + -7 + 36 - 35.
-29
What is the value of 90 - (59 - 26) - 22?
35
-52 + 0 - (43 + -29 + (-18 - -12))
-60
Evaluate -88 + 31 + -51 + (-1 - -37).
-72
83 + 7 + -10 + (9 - (-7 - 2))
98
Evaluate (1 - -12) + (-42 - -7) + -40.
-62
What is the value of -2 + 93 - (-3 + (-51 - -42))?
103
What is the value of -89 - -114 - (65 + (2 - 6))?
-36
-113 + (-43 - (22 + -132))
-46
Calculate 3 - ((-13 - (-12 + 1 + 18)) + 2).
21
What is 8 + 57 - (74 + -47) - 32?
6
What is the value of 2 + 4 + -2 + -2 + (270 - 577 - -380)?
75
Evaluate (-66 - -1 - (-6 + 2)) + 13 + -14 + 0.
-62
(-4 + 81 - 19) + 44
102
(118 - 2) + (192 - 305)
3
(84 - 114 - 8) + -63
-101
What is 126 + -296 + 68 + 22?
-80
10 - (-11 + -22 - -82) - -16
-23
Calculate 33 + (-15 + 2 - (-16 + 0)) + 9.
45
What is -7 + -19 + (44 - 8) + 8 - 18?
0
-124 - (-150 + (-80 - -164))
-58
Evaluate 42 - 42 - (-13 + 16 + 3 + -11) - -3.
8
What is the value of 37 + 212 + -229 + -1 + 66?
85
Calculate (-19 - -5) + 11 + (-10 + 18 - 11).
-6
What is the value of -7 - ((-5 + -24 - 5) + 75 + -71)?
23
What is -103 + (211 - 118) - (-5 + 2 - -2 - 30)?
21
(-21 - -16) + -5 + 18
8
Calculate -1 - 13 - (526 + -534) - (2 + -38).
30
Evaluate 9 - -1 - (-16 + 12 + (-6 - -20) + -55).
55
What is -1 - 3 - (-1 - -20 - (-142 + 202))?
37
What is the